{"id":136,"date":"2020-08-21T11:45:02","date_gmt":"2020-08-21T11:45:02","guid":{"rendered":"https:\/\/www.nutjoure.nl\/?page_id=136"},"modified":"2025-09-12T10:14:18","modified_gmt":"2025-09-12T10:14:18","slug":"contributie","status":"publish","type":"page","link":"https:\/\/www.nutjoure.nl\/?page_id=136","title":{"rendered":"Contributie"},"content":{"rendered":"\t\t<div data-elementor-type=\"wp-post\" data-elementor-id=\"136\" class=\"elementor elementor-136\">\n\t\t\t\t\t\t<section class=\"elementor-section elementor-top-section elementor-element elementor-element-7750a07d elementor-section-boxed elementor-section-height-default elementor-section-height-default\" data-id=\"7750a07d\" data-element_type=\"section\">\n\t\t\t\t\t\t<div class=\"elementor-container elementor-column-gap-wide\">\n\t\t\t\t\t<div class=\"elementor-column elementor-col-100 elementor-top-column elementor-element elementor-element-25647bea\" data-id=\"25647bea\" data-element_type=\"column\">\n\t\t\t<div class=\"elementor-widget-wrap elementor-element-populated\">\n\t\t\t\t\t\t<div class=\"elementor-element elementor-element-261523c3 elementor-widget elementor-widget-spacer\" data-id=\"261523c3\" data-element_type=\"widget\" data-widget_type=\"spacer.default\">\n\t\t\t\t<div class=\"elementor-widget-container\">\n\t\t\t\t\t\t\t<div class=\"elementor-spacer\">\n\t\t\t<div class=\"elementor-spacer-inner\"><\/div>\n\t\t<\/div>\n\t\t\t\t\t\t<\/div>\n\t\t\t\t<\/div>\n\t\t\t\t<div class=\"elementor-element elementor-element-7b1218d2 elementor-widget elementor-widget-heading\" data-id=\"7b1218d2\" data-element_type=\"widget\" data-widget_type=\"heading.default\">\n\t\t\t\t<div class=\"elementor-widget-container\">\n\t\t\t\t\t<h3 class=\"elementor-heading-title elementor-size-default\">Contributie<\/h3>\t\t\t\t<\/div>\n\t\t\t\t<\/div>\n\t\t\t\t\t<\/div>\n\t\t<\/div>\n\t\t\t\t\t<\/div>\n\t\t<\/section>\n\t\t\t\t<section class=\"elementor-section elementor-top-section elementor-element elementor-element-ca80840 elementor-section-boxed elementor-section-height-default elementor-section-height-default\" data-id=\"ca80840\" data-element_type=\"section\">\n\t\t\t\t\t\t<div class=\"elementor-container elementor-column-gap-no\">\n\t\t\t\t\t<div class=\"elementor-column elementor-col-100 elementor-top-column elementor-element elementor-element-dbf16d2\" data-id=\"dbf16d2\" data-element_type=\"column\">\n\t\t\t<div class=\"elementor-widget-wrap elementor-element-populated\">\n\t\t\t\t\t\t<div class=\"elementor-element elementor-element-7639438 elementor-widget elementor-widget-heading\" data-id=\"7639438\" data-element_type=\"widget\" data-widget_type=\"heading.default\">\n\t\t\t\t<div class=\"elementor-widget-container\">\n\t\t\t\t\t<h4 class=\"elementor-heading-title elementor-size-default\">Seizoen  2025 - 2026<\/h4>\t\t\t\t<\/div>\n\t\t\t\t<\/div>\n\t\t\t\t<section class=\"elementor-section elementor-inner-section elementor-element elementor-element-b241e2d elementor-section-boxed elementor-section-height-default elementor-section-height-default\" data-id=\"b241e2d\" data-element_type=\"section\">\n\t\t\t\t\t\t<div class=\"elementor-container elementor-column-gap-wide\">\n\t\t\t\t\t<div class=\"elementor-column elementor-col-50 elementor-inner-column elementor-element elementor-element-8240bf5\" data-id=\"8240bf5\" data-element_type=\"column\">\n\t\t\t<div class=\"elementor-widget-wrap elementor-element-populated\">\n\t\t\t\t\t\t<div class=\"elementor-element elementor-element-badd2c4 elementor-widget elementor-widget-text-editor\" data-id=\"badd2c4\" data-element_type=\"widget\" data-widget_type=\"text-editor.default\">\n\t\t\t\t<div class=\"elementor-widget-container\">\n\t\t\t\t\t\t\t\t\t<p>Beste Nutsleden,<\/p><p>De contributie bedraagt <strong>\u20ac 25,00 <u>per adres<\/u>,<\/strong> dit houdt in dat er twee personen per adres de voorstellingen mogen bijwonen. Woont er op een adres slechts \u00e9\u00e9n persoon dan mag deze \u00e9\u00e9n kennis, vriend(in) of familielid uitnodigen om de voorstelling(en) bij te wonen.<\/p><p>De contributie graag voor 1 oktober 2025 overmaken op rekeningnummer:<\/p><h4 align=\"center\"><span lang=\"en-GB\"><strong>NL13 RABO 0174 9707 49<\/strong> t.n.v. NutJoure<\/span><\/h4><p align=\"center\">Graag onder vermelding van uw adres en woonplaats<\/p><p>Bij voorbaat dank,<\/p><p>Hendrik Schram<\/p><p>penningmeester NutJoure.<\/p>\t\t\t\t\t\t\t\t<\/div>\n\t\t\t\t<\/div>\n\t\t\t\t\t<\/div>\n\t\t<\/div>\n\t\t\t\t<div class=\"elementor-column elementor-col-50 elementor-inner-column elementor-element elementor-element-6331d25\" data-id=\"6331d25\" data-element_type=\"column\">\n\t\t\t<div class=\"elementor-widget-wrap elementor-element-populated\">\n\t\t\t\t\t\t<div class=\"elementor-element elementor-element-d8ce33a elementor-widget elementor-widget-image\" data-id=\"d8ce33a\" data-element_type=\"widget\" data-widget_type=\"image.default\">\n\t\t\t\t<div class=\"elementor-widget-container\">\n\t\t\t\t\t\t\t\t\t\t\t\t\t\t\t<img fetchpriority=\"high\" decoding=\"async\" width=\"800\" height=\"690\" src=\"https:\/\/www.nutjoure.nl\/wp-content\/uploads\/2020\/08\/Nutsbaan-Hek.jpg\" class=\"attachment-large size-large wp-image-193\" alt=\"\" srcset=\"https:\/\/www.nutjoure.nl\/wp-content\/uploads\/2020\/08\/Nutsbaan-Hek.jpg 851w, https:\/\/www.nutjoure.nl\/wp-content\/uploads\/2020\/08\/Nutsbaan-Hek-300x259.jpg 300w, https:\/\/www.nutjoure.nl\/wp-content\/uploads\/2020\/08\/Nutsbaan-Hek-768x662.jpg 768w\" sizes=\"(max-width: 800px) 100vw, 800px\" \/>\t\t\t\t\t\t\t\t\t\t\t\t\t\t\t<\/div>\n\t\t\t\t<\/div>\n\t\t\t\t\t<\/div>\n\t\t<\/div>\n\t\t\t\t\t<\/div>\n\t\t<\/section>\n\t\t\t\t\t<\/div>\n\t\t<\/div>\n\t\t\t\t\t<\/div>\n\t\t<\/section>\n\t\t\t\t<section class=\"elementor-section elementor-top-section elementor-element elementor-element-394e6d4 elementor-section-boxed elementor-section-height-default elementor-section-height-default\" data-id=\"394e6d4\" data-element_type=\"section\">\n\t\t\t\t\t\t<div class=\"elementor-container elementor-column-gap-default\">\n\t\t\t\t\t<div class=\"elementor-column elementor-col-100 elementor-top-column elementor-element elementor-element-ce03504\" data-id=\"ce03504\" data-element_type=\"column\">\n\t\t\t<div class=\"elementor-widget-wrap elementor-element-populated\">\n\t\t\t\t\t\t<div class=\"elementor-element elementor-element-0326061 elementor-widget elementor-widget-spacer\" data-id=\"0326061\" data-element_type=\"widget\" data-widget_type=\"spacer.default\">\n\t\t\t\t<div class=\"elementor-widget-container\">\n\t\t\t\t\t\t\t<div class=\"elementor-spacer\">\n\t\t\t<div class=\"elementor-spacer-inner\"><\/div>\n\t\t<\/div>\n\t\t\t\t\t\t<\/div>\n\t\t\t\t<\/div>\n\t\t\t\t\t<\/div>\n\t\t<\/div>\n\t\t\t\t\t<\/div>\n\t\t<\/section>\n\t\t\t\t<\/div>\n\t\t","protected":false},"excerpt":{"rendered":"<p>Contributie Seizoen 2025 &#8211; 2026 Beste Nutsleden, De contributie bedraagt \u20ac 25,00 per adres, dit houdt in dat er twee personen per adres de voorstellingen mogen bijwonen. Woont er op een adres slechts \u00e9\u00e9n persoon dan mag deze \u00e9\u00e9n kennis, vriend(in) of familielid uitnodigen om de voorstelling(en) bij te wonen. De contributie graag voor 1 [&hellip;]<\/p>\n<div class=\"pvc_clear\"><\/div>\n<p id=\"pvc_stats_136\" class=\"pvc_stats all  \" data-element-id=\"136\" style=\"\"><i class=\"pvc-stats-icon medium\" aria-hidden=\"true\"><svg aria-hidden=\"true\" focusable=\"false\" data-prefix=\"far\" data-icon=\"chart-bar\" role=\"img\" xmlns=\"http:\/\/www.w3.org\/2000\/svg\" viewBox=\"0 0 512 512\" class=\"svg-inline--fa fa-chart-bar fa-w-16 fa-2x\"><path fill=\"currentColor\" d=\"M396.8 352h22.4c6.4 0 12.8-6.4 12.8-12.8V108.8c0-6.4-6.4-12.8-12.8-12.8h-22.4c-6.4 0-12.8 6.4-12.8 12.8v230.4c0 6.4 6.4 12.8 12.8 12.8zm-192 0h22.4c6.4 0 12.8-6.4 12.8-12.8V140.8c0-6.4-6.4-12.8-12.8-12.8h-22.4c-6.4 0-12.8 6.4-12.8 12.8v198.4c0 6.4 6.4 12.8 12.8 12.8zm96 0h22.4c6.4 0 12.8-6.4 12.8-12.8V204.8c0-6.4-6.4-12.8-12.8-12.8h-22.4c-6.4 0-12.8 6.4-12.8 12.8v134.4c0 6.4 6.4 12.8 12.8 12.8zM496 400H48V80c0-8.84-7.16-16-16-16H16C7.16 64 0 71.16 0 80v336c0 17.67 14.33 32 32 32h464c8.84 0 16-7.16 16-16v-16c0-8.84-7.16-16-16-16zm-387.2-48h22.4c6.4 0 12.8-6.4 12.8-12.8v-70.4c0-6.4-6.4-12.8-12.8-12.8h-22.4c-6.4 0-12.8 6.4-12.8 12.8v70.4c0 6.4 6.4 12.8 12.8 12.8z\" class=\"\"><\/path><\/svg><\/i> <img decoding=\"async\" width=\"16\" height=\"16\" alt=\"Loading\" src=\"https:\/\/www.nutjoure.nl\/wp-content\/plugins\/page-views-count\/ajax-loader-2x.gif\" border=0 \/><\/p>\n<div class=\"pvc_clear\"><\/div>\n","protected":false},"author":1,"featured_media":0,"parent":0,"menu_order":0,"comment_status":"closed","ping_status":"closed","template":"","meta":{"footnotes":""},"a3_pvc":{"activated":true,"total_views":3467,"today_views":0},"yoast_head":"<!-- This site is optimized with the Yoast SEO plugin v23.5 - https:\/\/yoast.com\/wordpress\/plugins\/seo\/ -->\n<title>Contributie - NutJoure<\/title>\n<meta name=\"robots\" content=\"index, follow, max-snippet:-1, max-image-preview:large, max-video-preview:-1\" \/>\n<link rel=\"canonical\" href=\"https:\/\/www.nutjoure.nl\/?page_id=136\" \/>\n<meta property=\"og:locale\" content=\"nl_NL\" \/>\n<meta property=\"og:type\" content=\"article\" \/>\n<meta property=\"og:title\" content=\"Contributie - NutJoure\" \/>\n<meta property=\"og:description\" content=\"Contributie Seizoen 2025 &#8211; 2026 Beste Nutsleden, De contributie bedraagt \u20ac 25,00 per adres, dit houdt in dat er twee personen per adres de voorstellingen mogen bijwonen. Woont er op een adres slechts \u00e9\u00e9n persoon dan mag deze \u00e9\u00e9n kennis, vriend(in) of familielid uitnodigen om de voorstelling(en) bij te wonen. De contributie graag voor 1 [&hellip;]\" \/>\n<meta property=\"og:url\" content=\"https:\/\/www.nutjoure.nl\/?page_id=136\" \/>\n<meta property=\"og:site_name\" content=\"NutJoure\" \/>\n<meta property=\"article:modified_time\" content=\"2025-09-12T10:14:18+00:00\" \/>\n<meta property=\"og:image\" content=\"https:\/\/www.nutjoure.nl\/wp-content\/uploads\/2020\/08\/Nutsbaan-Hek.jpg\" \/>\n<meta name=\"twitter:card\" content=\"summary_large_image\" \/>\n<meta name=\"twitter:label1\" content=\"Geschatte leestijd\" \/>\n\t<meta name=\"twitter:data1\" content=\"1 minuut\" \/>\n<script type=\"application\/ld+json\" class=\"yoast-schema-graph\">{\"@context\":\"https:\/\/schema.org\",\"@graph\":[{\"@type\":\"WebPage\",\"@id\":\"https:\/\/www.nutjoure.nl\/?page_id=136\",\"url\":\"https:\/\/www.nutjoure.nl\/?page_id=136\",\"name\":\"Contributie - NutJoure\",\"isPartOf\":{\"@id\":\"https:\/\/www.nutjoure.nl\/#website\"},\"primaryImageOfPage\":{\"@id\":\"https:\/\/www.nutjoure.nl\/?page_id=136#primaryimage\"},\"image\":{\"@id\":\"https:\/\/www.nutjoure.nl\/?page_id=136#primaryimage\"},\"thumbnailUrl\":\"https:\/\/www.nutjoure.nl\/wp-content\/uploads\/2020\/08\/Nutsbaan-Hek.jpg\",\"datePublished\":\"2020-08-21T11:45:02+00:00\",\"dateModified\":\"2025-09-12T10:14:18+00:00\",\"breadcrumb\":{\"@id\":\"https:\/\/www.nutjoure.nl\/?page_id=136#breadcrumb\"},\"inLanguage\":\"nl-NL\",\"potentialAction\":[{\"@type\":\"ReadAction\",\"target\":[\"https:\/\/www.nutjoure.nl\/?page_id=136\"]}]},{\"@type\":\"ImageObject\",\"inLanguage\":\"nl-NL\",\"@id\":\"https:\/\/www.nutjoure.nl\/?page_id=136#primaryimage\",\"url\":\"https:\/\/www.nutjoure.nl\/wp-content\/uploads\/2020\/08\/Nutsbaan-Hek.jpg\",\"contentUrl\":\"https:\/\/www.nutjoure.nl\/wp-content\/uploads\/2020\/08\/Nutsbaan-Hek.jpg\",\"width\":851,\"height\":734},{\"@type\":\"BreadcrumbList\",\"@id\":\"https:\/\/www.nutjoure.nl\/?page_id=136#breadcrumb\",\"itemListElement\":[{\"@type\":\"ListItem\",\"position\":1,\"name\":\"Home\",\"item\":\"https:\/\/www.nutjoure.nl\/\"},{\"@type\":\"ListItem\",\"position\":2,\"name\":\"Contributie\"}]},{\"@type\":\"WebSite\",\"@id\":\"https:\/\/www.nutjoure.nl\/#website\",\"url\":\"https:\/\/www.nutjoure.nl\/\",\"name\":\"NutJoure\",\"description\":\"NutNu\",\"publisher\":{\"@id\":\"https:\/\/www.nutjoure.nl\/#organization\"},\"potentialAction\":[{\"@type\":\"SearchAction\",\"target\":{\"@type\":\"EntryPoint\",\"urlTemplate\":\"https:\/\/www.nutjoure.nl\/?s={search_term_string}\"},\"query-input\":{\"@type\":\"PropertyValueSpecification\",\"valueRequired\":true,\"valueName\":\"search_term_string\"}}],\"inLanguage\":\"nl-NL\"},{\"@type\":\"Organization\",\"@id\":\"https:\/\/www.nutjoure.nl\/#organization\",\"name\":\"'t Nut Joure\",\"url\":\"https:\/\/www.nutjoure.nl\/\",\"logo\":{\"@type\":\"ImageObject\",\"inLanguage\":\"nl-NL\",\"@id\":\"https:\/\/www.nutjoure.nl\/#\/schema\/logo\/image\/\",\"url\":\"https:\/\/www.nutjoure.nl\/wp-content\/uploads\/2020\/08\/logo-NJ@2x.png\",\"contentUrl\":\"https:\/\/www.nutjoure.nl\/wp-content\/uploads\/2020\/08\/logo-NJ@2x.png\",\"width\":1140,\"height\":363,\"caption\":\"'t Nut Joure\"},\"image\":{\"@id\":\"https:\/\/www.nutjoure.nl\/#\/schema\/logo\/image\/\"}}]}<\/script>\n<!-- \/ Yoast SEO plugin. -->","yoast_head_json":{"title":"Contributie - NutJoure","robots":{"index":"index","follow":"follow","max-snippet":"max-snippet:-1","max-image-preview":"max-image-preview:large","max-video-preview":"max-video-preview:-1"},"canonical":"https:\/\/www.nutjoure.nl\/?page_id=136","og_locale":"nl_NL","og_type":"article","og_title":"Contributie - NutJoure","og_description":"Contributie Seizoen 2025 &#8211; 2026 Beste Nutsleden, De contributie bedraagt \u20ac 25,00 per adres, dit houdt in dat er twee personen per adres de voorstellingen mogen bijwonen. Woont er op een adres slechts \u00e9\u00e9n persoon dan mag deze \u00e9\u00e9n kennis, vriend(in) of familielid uitnodigen om de voorstelling(en) bij te wonen. De contributie graag voor 1 [&hellip;]","og_url":"https:\/\/www.nutjoure.nl\/?page_id=136","og_site_name":"NutJoure","article_modified_time":"2025-09-12T10:14:18+00:00","og_image":[{"url":"https:\/\/www.nutjoure.nl\/wp-content\/uploads\/2020\/08\/Nutsbaan-Hek.jpg"}],"twitter_card":"summary_large_image","twitter_misc":{"Geschatte leestijd":"1 minuut"},"schema":{"@context":"https:\/\/schema.org","@graph":[{"@type":"WebPage","@id":"https:\/\/www.nutjoure.nl\/?page_id=136","url":"https:\/\/www.nutjoure.nl\/?page_id=136","name":"Contributie - NutJoure","isPartOf":{"@id":"https:\/\/www.nutjoure.nl\/#website"},"primaryImageOfPage":{"@id":"https:\/\/www.nutjoure.nl\/?page_id=136#primaryimage"},"image":{"@id":"https:\/\/www.nutjoure.nl\/?page_id=136#primaryimage"},"thumbnailUrl":"https:\/\/www.nutjoure.nl\/wp-content\/uploads\/2020\/08\/Nutsbaan-Hek.jpg","datePublished":"2020-08-21T11:45:02+00:00","dateModified":"2025-09-12T10:14:18+00:00","breadcrumb":{"@id":"https:\/\/www.nutjoure.nl\/?page_id=136#breadcrumb"},"inLanguage":"nl-NL","potentialAction":[{"@type":"ReadAction","target":["https:\/\/www.nutjoure.nl\/?page_id=136"]}]},{"@type":"ImageObject","inLanguage":"nl-NL","@id":"https:\/\/www.nutjoure.nl\/?page_id=136#primaryimage","url":"https:\/\/www.nutjoure.nl\/wp-content\/uploads\/2020\/08\/Nutsbaan-Hek.jpg","contentUrl":"https:\/\/www.nutjoure.nl\/wp-content\/uploads\/2020\/08\/Nutsbaan-Hek.jpg","width":851,"height":734},{"@type":"BreadcrumbList","@id":"https:\/\/www.nutjoure.nl\/?page_id=136#breadcrumb","itemListElement":[{"@type":"ListItem","position":1,"name":"Home","item":"https:\/\/www.nutjoure.nl\/"},{"@type":"ListItem","position":2,"name":"Contributie"}]},{"@type":"WebSite","@id":"https:\/\/www.nutjoure.nl\/#website","url":"https:\/\/www.nutjoure.nl\/","name":"NutJoure","description":"NutNu","publisher":{"@id":"https:\/\/www.nutjoure.nl\/#organization"},"potentialAction":[{"@type":"SearchAction","target":{"@type":"EntryPoint","urlTemplate":"https:\/\/www.nutjoure.nl\/?s={search_term_string}"},"query-input":{"@type":"PropertyValueSpecification","valueRequired":true,"valueName":"search_term_string"}}],"inLanguage":"nl-NL"},{"@type":"Organization","@id":"https:\/\/www.nutjoure.nl\/#organization","name":"'t Nut Joure","url":"https:\/\/www.nutjoure.nl\/","logo":{"@type":"ImageObject","inLanguage":"nl-NL","@id":"https:\/\/www.nutjoure.nl\/#\/schema\/logo\/image\/","url":"https:\/\/www.nutjoure.nl\/wp-content\/uploads\/2020\/08\/logo-NJ@2x.png","contentUrl":"https:\/\/www.nutjoure.nl\/wp-content\/uploads\/2020\/08\/logo-NJ@2x.png","width":1140,"height":363,"caption":"'t Nut Joure"},"image":{"@id":"https:\/\/www.nutjoure.nl\/#\/schema\/logo\/image\/"}}]}},"_links":{"self":[{"href":"https:\/\/www.nutjoure.nl\/index.php?rest_route=\/wp\/v2\/pages\/136"}],"collection":[{"href":"https:\/\/www.nutjoure.nl\/index.php?rest_route=\/wp\/v2\/pages"}],"about":[{"href":"https:\/\/www.nutjoure.nl\/index.php?rest_route=\/wp\/v2\/types\/page"}],"author":[{"embeddable":true,"href":"https:\/\/www.nutjoure.nl\/index.php?rest_route=\/wp\/v2\/users\/1"}],"replies":[{"embeddable":true,"href":"https:\/\/www.nutjoure.nl\/index.php?rest_route=%2Fwp%2Fv2%2Fcomments&post=136"}],"version-history":[{"count":29,"href":"https:\/\/www.nutjoure.nl\/index.php?rest_route=\/wp\/v2\/pages\/136\/revisions"}],"predecessor-version":[{"id":720,"href":"https:\/\/www.nutjoure.nl\/index.php?rest_route=\/wp\/v2\/pages\/136\/revisions\/720"}],"wp:attachment":[{"href":"https:\/\/www.nutjoure.nl\/index.php?rest_route=%2Fwp%2Fv2%2Fmedia&parent=136"}],"curies":[{"name":"wp","href":"https:\/\/api.w.org\/{rel}","templated":true}]}}